en 302 is divided by (-112)/(-3) + 16/(-12) + 2?
36
Let m = -462 - -478. Let l(n) = 3*n**2 - 9*n + 7. What is the remainder when l(6) is divided by m?
13
Let j be 2 + 1640/5*1. What is the remainder when 53 is divided by 1/7 + j/42?
5
Suppose 0 = -58*i - 280 + 744. Let h be 1 + (1 + -1 - 27). What is the remainder when h/2*(-1 + 0) is divided by i?
5
Suppose 0 = -2*d + m + 155, 34 = d + 5*m - 71. What is the remainder when 152 is divided by d?
72
Suppose -4*g + 140 = 4*n, -2*g - 3*g - 10 = 0. Let o = 78 - n. Calculate the remainder when o is divided by 11.
8
Let n(i) = -10*i - 4 + 10 + 15 + i**2. Calculate the remainder when 20 is divided by n(9).
8
Let r(u) = u**3 - 23*u**2 + 3*u + 5. Let j = 1 + 5. Suppose j*o = -3*g + 2*o + 95, -5*o = -25. Calculate the remainder when r(23) is divided by g.
24
Suppose -y - 71 = -378. What is the remainder when y is divided by 28?
27
Let g(n) = -n**2 + n + 49. Let i = -117 + 63. Let z = i + 67. What is the remainder when g(0) is divided by z?
10
Let u(v) = v**3 - 4*v**2 - 16*v + 48. What is the remainder when u(7) is divided by 70?
13
Suppose m - 60 = -j, 33*j - 29*j - 5*m = 204. What is the remainder when 1342 is divided by j?
54
Suppose 544*c = 543*c + 15. What is the remainder when 89 is divided by c?
14
Let u = -21 + 61. Suppose 4*f = 9*f - u. Calculate the remainder when f is divided by 2 - (-2)/(-4)*-2.
2
Let f(k) = 15*k + 143. Let o = 4 - 0. Suppose o*x - 32 = 28. What is the remainder when x is divided by f(-9)?
7
Suppose 528*w - 517*w - 418 = 0. Calculate the remainder when 681 is divided by w.
35
Let q(s) be the second derivative of 2/3*s**4 - 1/3*s**3 - 6*s**2 + 0 + 1/20*s**5 + 9*s. What is the remainder when q(-5) is divided by 15?
13
Let u be 1 - 4*(-3)/(-4). What is the remainder when 8 is divided by 6*u/4 + 0 + 9?
2
Let y = -16 + 22. Let v(b) = 0 + 3 + 2*b**2 + 0 + 2 + 3. Calculate the remainder when v(y) is divided by 27.
26
Let o(z) = -3*z**2 - 21*z + 4. Let u(b) = 2*b**2 + 11*b - 2. Let r(f) = 3*o(f) + 5*u(f). What is the remainder when 61 is divided by r(10)?
17
Suppose 58*r = 64*r - 186. What is the remainder when 150 is divided by r?
26
Let i = -21 + 45. Calculate the remainder when 67 is divided by i.
19
Suppose 2*c + 11*s - 13*s - 40 = 0, -3*c - s = -72. What is the remainder when 822/9 + 2/(-6) is divided by c?
22
Let y(g) = 2*g**2 + 2*g + 11. Suppose -4*n = 3*s - 81, -3*n - 3*s - s = -59. Calculate the remainder when n is divided by y(0).
10
Suppose 0 = 2*j - 170 + 64. What is the remainder when j is divided by 2/6 + 64/6?
9
Suppose 15 = 2*j + 1. Suppose -10 - 20 = -5*n + 5*f, 3*f = -4*n - 4. Suppose 2*x = v - x - 17, n*x = -4*v + 40. What is the remainder when v is divided by j?
4
Let i be (-2)/2 + -1 - (-2 - 5). What is the remainder when (-35)/(-2)*4/2 is divided by (9 - (2 - i)) + 3/(-1)?
8
Suppose -2*x = 5*i - 70, 4*i - 3*x - 22 - 34 = 0. Suppose -167 = -4*d - 3*p, 0 = 2*p - 1 - 1. Calculate the remainder when d is divided by i.
13
Let r(u) = -u**3 + 19*u**2 - 30*u + 19. What is the remainder when r(15) is divided by 43?
39
Suppose 2*v = 6*v - 448. Calculate the remainder when v is divided by (-322)/35 - -9 - (-93)/15.
4
Suppose -175*c - 36 = -179*c. Calculate the remainder when c is divided by 6.
3
Let n(i) = -i**2 + 7*i - 1. Let y be n(6). Suppose 0 = -2*l - y*g - 746, l + 4*l - g = -1892. Calculate the remainder when 10/(-55) + l/(-22) is divided by 5.
2
What is the remainder when 4 - -2 - (-2590)/10 is divided by 67?
64
Let g = -868 - -872. Suppose d = 2*d - 3. Suppose g*r + 0*f = d*f + 260, -r + 52 = -4*f. Calculate the remainder when r is divided by 23.
22
Suppose -413 - 287 = -14*w. Let k be ((-9)/(-4))/((-1)/(-4)). Let m = k - -4. Calculate the remainder when w is divided by m.
11
Suppose 59*v = -10*v + 87630. What is the remainder when v is divided by 106?
104
Let v = 221 - -29. Let q = -132 + v. Calculate the remainder when q is divided by 17.
16
Let d be (11 + 1)*(-26)/(-39). What is the remainder when 17 is divided by 6/(-4)*d/(-3)?
1
Suppose -2*p + 5*f = -25, -10 = -p + 3*f + 2*f. Let y = 32 - p. Let q = y + -8. What is the remainder when 26 is divided by q?
8
Suppose -29*k - 4416 = -52*k. Calculate the remainder when k is divided by 55.
27
Suppose -778 = -223*q + 4002 + 19750. Let c = -17 + 40. What is the remainder when q is divided by c?
18
Suppose 5*i - 2*q = 51, -i = -2*q - 17 + 2. Suppose 3*k - i = 2*k. Calculate the remainder when k is divided by 5.
4
Let d(b) = b**3 + 6*b**2 - 32*b + 1. What is the remainder when 130 is divided by d(-9)?
38
Let k(q) = -q**3 + 10*q**2 - 11*q + 1. Let s be k(8). Let z = 12 + s. Let p = 2383 + -2369. Calculate the remainder when z is divided by p.
11
Suppose -4*v + 62 + 30 = 0. Calculate the remainder when v is divided by 12.
11
Let i be 0*(1 - -2)/(-3). Suppose i = -3*u - 5*l + 279, u - 3*u + 186 = l. Calculate the remainder when u is divided by 12.
9
Let z(w) be the second derivative of -w**3/3 + 4*w**2 - 6*w. Calculate the remainder when z(-5) is divided by 4/14 + 132/28.
3
Let b = -5 + 10. Suppose -5*k - b*a + 250 = 0, -6*k + 3*k - 5*a + 144 = 0. Calculate the remainder when k is divided by 8.
5
Suppose 5*f - 30 = -3*z, 2*f - 2 = -2*z + 14. Calculate the remainder when 87 is divided by z.
2
Suppose -2*a + 4*i + 18 = -36, -i + 67 = 3*a. Suppose -2*p - 5*t + 228 = -4*t, t + 224 = 2*p. Calculate the remainder when p is divided by a.
21
Let q(i) = 15*i**2 + 6 + 13 + 11*i - 14*i**2 + 6. Calculate the remainder when q(-11) is divided by 13 + (2 - (2 + -1)).
11
Let s = 159 - 126. What is the remainder when 98 is divided by s?
32
Let l = -57 + 54. Calculate the remainder when 49 is divided by (10/12 - l/(-9))*26.
10
Suppose 2*m + 60 = 5*f - 142, 4 = -4*m. Calculate the remainder when 75 is divided by f.
35
Let j(n) = -72*n - 51. Calculate the remainder when j(-2) is divided by 31.
0
Calculate the remainder when 24 is divided by (1 - -19) + (-19 - -13).
10
Calculate the remainder when 115 is divided by 936/116 - 5 - 8/116.
1
Suppose 4*w + 952 = 4*p, -5*p - 3*w + 980 = -p. Suppose 3*j - 3*f - 191 = -f, 0 = -2*j + f + 126. Calculate the remainder when p is divided by j.
59
Let y(i) be the third derivative of -i**4/12 + 5*i**3/2 + 23*i**2. What is the remainder when 70/4 + (-3)/6 is divided by y(6)?
2
Suppose 3*t - 5*t + 8 = 0. Let a be -1 - (0 - 12)/t. What is the remainder when 57 is divided by 17 + (-4 + a - -5)?
17
Suppose 13 = -5*p + 63. Suppose -3*j + j = 5*h - 18, -p = -4*j + 3*h. Suppose 0 = 9*u - j*u - 25. What is the remainder when 13 is divided by u?
3
Suppose 5*a = -0*a - x + 230, 3*x = -a + 32. Suppose 4*w = -0*w + 100. Calculate the remainder when a is divided by w.
22
Suppose -u + 45 - 15 = 2*w, 0 = -u - w + 32. Calculate the remainder when 130 + 4 + (-6)/2 is divided by u.
29
Suppose 2*d + 9 = 3*d + z, 4*d = z + 16. Suppose -3*f + d = -8*f. Calculate the remainder when 11 - 0*f/4 is divided by 6.
5
Let m(s) = -s + 35. What is the remainder when m(24) is divided by 1?
0
Calculate the remainder when 200 is divided by (-1995)/(-19)*(-4)/(-6).
60
Suppose 117 = 2*m + m. Let b be (3 - 30/9) + 132/18. Suppose 7*q + b = 154. What is the remainder when m is divided by q?
18
Let o be 1 - -3 - (-2)/1. Suppose -2*s - 5*v + 58 = 0, -o*v - 68 = -4*s - 4*v. Let b(j) = j**3 - 7*j**2 - 9. What is the remainder when b(8) is divided by s?
17
Suppose 5*q = -v + 27 + 19, -3*v + 48 = 5*q. Calculate the remainder when 41 is divided by q.
5
Suppose -17*v + 1864 = -108. Calculate the remainder when v is divided by 11.
6
What is the remainder when 516/10*(-100)/(-8) is divided by 24?
21
Let w = 84 + -37. Suppose -4*p - 3*b + w = 0, -3*b = -0*p + 3*p - 33. Calculate the remainder when 25 is divided by p.
11
Suppose -l - 3*l + 4*p + 64 = 0, -5*l - 3*p = -104. Let z = 11 - l. Let t(d) = d**3 + 9*d**2 + 7*d + 1. What is the remainder when t(z) is divided by 6?
3
Let l(i) = i**3 - 9*i**2 - 6*i - 27. Calculate the remainder when 207 is divided by l(10).
12
Let p = 928 - 778. What is the remainder when p is divided by 46?
12
Let c = -29 - -45. What is the remainder when 110 is divided by c?
14
Let h(k) = k**2 - 14*k + 43. Calculate the remainder when 55 is divided by h(12).
17
Calculate the remainder when ((-16)/128)/(2/(-16)) + 160 is divided by 